i**2 - 3*i + 7. Let z(x) = x**3 - x**2 + 3*x - 8. Let m(j) = -6*h(j) - 5*z(j). Give m(1).
1
Let n(r) = 12*r + 63. Let y be n(-5). Let v(d) = d**2 + d - d**y + 8 - 8*d**2 - 2*d - 12. Determine v(-7).
3
Let w(p) be the second derivative of -p**5/10 + p**4/12 + 2*p**3/3 - 3*p**2/2 + 87*p. What is w(2)?
-7
Suppose 2*w + 3*w - 5 = 0. Let g be -3 - (-11 - (-4)/w). Let f(b) = -b + 5 + 10*b - g*b. What is f(-5)?
-20
Let a be (-4)/6*(8 - 2). Let m(l) = -21*l**3 + l - 4*l**2 + 54*l**3 - 2 - 23*l**3 - 11*l**3. What is m(a)?
-6
Let g(m) = -39*m - 11. Let q(o) = -8*o - 3. Let a(u) = -2*g(u) + 9*q(u). Give a(2).
7
Let u(s) = -2*s + 362 + s**2 - s**3 + 0*s**3 - 364. Determine u(-2).
14
Let y(k) be the first derivative of -k**2 - 26*k + 55. What is y(-12)?
-2
Let v = -10 - -19. Suppose v = -4*g + 1. Let i(f) = -6*f**2 - 21*f - 17. Let n(u) = -3*u**2 - 10*u - 8. Let j(h) = -6*i(h) + 13*n(h). Give j(g).
-6
Suppose -f = -3*f + 36. Suppose 0*j = -6*j + f. Let r(a) = -2*a - 5. Let o(i) = 5*i + 10. Let w(h) = j*o(h) + 7*r(h). Give w(5).
0
Suppose -s + 2*i + 2 = 3, 5*i = 3*s + 6. Let d(p) = -557*p**3 + 1119*p**3 - 7*p - 561*p**3 + 3 + 6*p**2. Give d(s).
3
Let c = -107 + 113. Let x(s) = s**3 - 6*s**2 - 3*s + 6. Determine x(c).
-12
Let f = -4 + 7. Suppose 9*g + 10 - 28 = 0. Let y(z) = -1 + 9*z**3 + 5*z - f*z + 0 + g. What is y(-1)?
-10
Let s(k) be the third derivative of -7*k**4/12 + k**3/3 - 10*k**2 + 13. Calculate s(5).
-68
Let a(c) be the second derivative of -c**4/12 - 3*c**3/2 + 2*c**2 + c - 1. Give a(-6).
22
Suppose 0 = -3*x - x + 16. Let n(u) = -1 - 5*u + x*u - 7. Let f(b) = b**3 - 17*b**2 - 35*b - 1. Let h be f(-2). What is n(h)?
-1
Let g(f) = -f + 6. Let a(s) = s - 7. Let h(q) = 3*a(q) + 4*g(q). Calculate h(3).
0
Suppose 0 = 8*k - 133 + 181. Let b(p) = -p**3 - 7*p**2 + 39. Give b(k).
3
Let m(j) be the second derivative of -j**4/12 + 7*j**3/3 + 33*j**2/2 - 77*j + 1. Calculate m(16).
1
Let d(b) = -9*b**2 - b. Suppose i - t - 4 + 2 = 0, -2 = i + 3*t. Suppose -3*w + k = -3, -4*w = -3*k - i + 2. Suppose 4*j - w = -6. What is d(j)?
-8
Let i(c) = 8*c + 12*c - 19*c - 24. Give i(10).
-14
Suppose -3*x = -x + 2. Let b(u) = -7*u**2 - 3*u + 4. Let h(s) = 9*s**2 + 4*s - 5. Let f be (1 + 0)*(-11 + 6). Let q(w) = f*b(w) - 4*h(w). Calculate q(x).
0
Let w(t) = t**3 + 2*t**2 + t. Let o be -2 + (1 - 0 - -3). Let h(y) = -y + 3*y - o*y - y + 9. Let f be h(11). Determine w(f).
-2
Let c = -585 - -591. Let r(n) = -n**3 + 7*n**2 - 4*n - 8. Calculate r(c).
4
Suppose -r - 8 = -0*r + 4*a, r - 4*a - 16 = 0. Suppose -r*i = 3*j + 3 - 4, 0 = -3*j - 2*i + 11. Let y = j - 3. Let s(p) = -2*p + 6. What is s(y)?
-2
Let n(y) = 5*y**3 - 6*y**2 - 8*y + 3. Let u(r) = -165*r + 4 + 0*r**3 + 156*r + 3*r**3 - 6*r**2 + 4*r**3. Let i(m) = 3*n(m) - 2*u(m). Calculate i(7).
8
Let u(b) = 5*b + 37. Let q be u(-7). Let h(s) = -s**3 - s**2 - s. Let z(l) = 3*l**3 + 8*l**2 + 5*l - 7. Let o(d) = q*h(d) + z(d). Give o(-5).
3
Let d(u) = 2*u**2 + 8*u - 3. Let n(b) = b**2 + b. Let p(f) = 4*f**2 + 23*f - 9. Let h(s) = n(s) + p(s). Let z(x) = -8*d(x) + 3*h(x). Give z(7).
4
Let n(u) = -5*u**3 + 4*u**2 - 15*u + 2. Let z(c) = -2*c**3 + 2*c**2 - 7*c + 1. Let f(r) = -3*n(r) + 7*z(r). Calculate f(3).
34
Let t(j) = j - 6. Suppose 12 = 3*x + 3. Suppose 2 = x*b - 82. Suppose -b + 52 = 3*c. Calculate t(c).
2
Let c(r) = -3*r**2 - 18*r + 2. Suppose 3*b - b = 5*z + 22, 2*b + 8 = 0. Give c(z).
2
Suppose 0 = 13*u - 111 - 19. Let a(d) = -d**2 + 11*d + 4. What is a(u)?
14
Let l(u) be the second derivative of -u**4/12 + 3*u**3/2 + 17*u**2/2 - 34*u. Determine l(10).
7
Let i(p) = 4*p - 1. Let f be i(3). Let g(z) = 10 + f - 28 + 8 - 2*z. Give g(2).
-3
Let j(i) = 2*i + 166 - 411 + 224. Give j(10).
-1
Let g(d) = -2*d**3 - 2*d**2 - 1. Let j be g(-2). Suppose -c - 3 + j = 0, -2*n + 2*c - 10 = 0. Let b(t) = 7*t**2 + t. Give b(n).
6
Let k = -15 + 11. Let x(m) = m**2 + 5*m + 3. Determine x(k).
-1
Let f(n) = -4 + 5*n**2 + n**3 + 3*n - 5*n + 8*n - 3*n. Suppose -w - 1 = 3*l, -2 = w - 5*l + 7. What is f(w)?
0
Let b(q) be the second derivative of -q**3/3 - 12*q + 5. Give b(-5).
10
Let w be (2 + -14)/((-9)/(81/(-18))). Let n(d) = d**3 + 7*d**2 + 3*d - 12. Calculate n(w).
6
Let o be 24*4*(-3)/(-18). Let z(l) = 3 + 15*l**2 + 3 + 6*l - o*l**2. Calculate z(6).
6
Let p(b) = b**2 - 4*b + 5. Let h be (-27)/6*(-4)/6. Let z(f) = f**2 - 4*f + 4. Let y(j) = h*p(j) - 4*z(j). What is y(3)?
2
Let z(q) = 2*q**2 - 12*q - 6. Let x(o) = -o**2 + 9*o + 5. Let m(i) = 4*x(i) + 3*z(i). Calculate m(-3).
20
Let k(h) = h**3 - h**2 + h - 8. Suppose -2*s + 10 = -l, 0 = -5*l - s + 3*s - 18. Let d = l - 15. Let x = 17 + d. Give k(x).
-8
Let x(l) = 2*l + 14. Suppose a + w = 2, 7*w - 3*w = 12. Let p = -5 + a. Let z be x(p). Let t(c) = c. Give t(z).
2
Let h be (-210)/(-120) + 1/4. Let o(q) = 5*q**2 - q. Give o(h).
18
Let l(m) = m**2 + 5*m + 2. Let x be -4 + 0 + 3 + 0. Let v(k) = 6*k. Let s(z) = -7*z. Let j(q) = 5*s(q) + 6*v(q). Let g(u) = x*l(u) + 3*j(u). Determine g(-2).
-2
Let v(w) = 25*w**2 - 5*w**2 - 34*w**2 + w. Determine v(1).
-13
Let z(u) = -2*u**2 - 2 + 2 + 137*u - 6 - 144*u + u**2. What is z(-3)?
6
Let s(q) be the second derivative of q**4/12 + q**3/6 + 7*q**2/2 - 3*q. Let r(b) = -b**3 + 8*b**2 - 13*b + 6. Let u be r(6). Give s(u).
7
Let a(t) = -t**2 - 3*t. Let c be a(1). Let n(y) = 8*y + 6. Determine n(c).
-26
Let g = 312 + -317. Let d(a) = a**3 + 4*a**2 - 7*a - 5. Give d(g).
5
Let f(c) = 8*c**2 + 65*c + 32. Let b(p) = -3*p**2 - 22*p - 10. Let g(i) = 11*b(i) + 4*f(i). Give g(19).
-1
Let k(q) = -2*q**2 + 29*q - 11. Let i be k(14). Let z(n) = n**3 + 0*n**i + 7*n**2 - 2*n**2 - 6*n**2 + 2*n + 1. Calculate z(2).
9
Let y(g) be the second derivative of -g**4/12 + g**3/2 + 43*g**2/2 + 481*g. Calculate y(8).
3
Let m(h) = -2*h**3 - h**2 + h + 5. Let d be (-1)/2*(25 + -25)*1. Calculate m(d).
5
Let s(r) = r**3 - 8*r**2 - 8*r - 2. Let i be (-4)/(-26) - (-2200)/65. Suppose g + i = -2*g - 5*a, -3*g - 26 = a. Let o be ((-72)/32)/(2/g). Give s(o).
7
Let u(z) = 1. Let k(h) = -5. Let c(j) = k(j) + 6*u(j). Let n(f) = -f - 7. Let i = -138 + 144. Let b(d) = i*c(d) + n(d). Calculate b(-6).
5
Let u(j) = j + 6. Suppose 0*n = 5*c + 3*n - 1, 2*c - 7 = n. Suppose -1 = -c*k + 3. Suppose -f = 7 - k. Determine u(f).
1
Let n(u) = u**3 + 7*u**2 + 2*u - 7. Let h be n(-5). Let y = -29 + h. Let o(g) = -3*g - 4. Determine o(y).
-16
Let d be 1116/84 + (27/(-21) - -1). Let i(r) = r - 19. What is i(d)?
-6
Suppose 0 = -4*r + 15 + 41. Let d be r/3 - 2/(-6). Let f(a) be the first derivative of -a**2/2 + 7*a - 9. Give f(d).
2
Let z(c) = -2*c + 13. Let r(x) = x - 7. Let m(h) = 7*r(h) + 3*z(h). Let k = 10 - 6. Suppose 5*y - 2*p - 29 = -0*p, k*y = 5*p + 30. Determine m(y).
-5
Let y(f) = 1 - 2*f + 2 + 2 - 8 + 2*f**2. Let l = 19 - 15. Calculate y(l).
21
Let n = 9 + -6. Let q(o) = 1 - n + o + o - 3. Calculate q(4).
3
Let z(u) be the second derivative of -u**5/20 + 2*u**4/3 - 4*u**3/3 + u**2 - 80*u. Calculate z(7).
-5
Let x(m) = -m**3 - 10*m**2 - 9*m - 5. Let w = -2 + -38. Let y = -49 - w. What is x(y)?
-5
Let f(s) be the second derivative of s**3/2 - 9*s**2/2 - 42*s. Let m(v) = 4*v - 10. Let u(j) = -5*f(j) + 4*m(j). What is u(-4)?
1
Let h(r) be the second derivative of -r**5/20 - r**4/12 + r**3 + 2*r**2 - r + 265. Calculate h(3).
-14
Let i(j) be the third derivative of -j**6/120 - j**5/10 + j**4/24 + j**3/2 + 4*j**2 - 14. Determine i(-6).
-3
Let o = 4 + 0. Let h(w) be the first derivative of w**5/60 - w**4/8 + 2*w**3/3 - 7*w**2 + 1. Let u(m) be the second derivative of h(m). Calculate u(o).
8
Let s = 18 - 39. Let a be s/(-2)*4/3. Let o = a - 17. Let d(i) = 2*i + 1. Give d(o).
-5
Suppose -103*j = -98*j + 285. Let i = 48 + j. Let l(o) = -o - 12. Calculate l(i).
-3
Let l(o) = -2*o - 14. Let n(s) = -s - 7. Let k(b) = -2*l(b) + 5*n(b). Suppose -37 = -3*x - 58. Give k(x).
0
Suppose -5*s + 13 = 3, -4*f - s + 22 = 0. Let a(n) = f*n + n + 9 - 2*n - 3*n. Let r be a(-6). Let i(d) = -d**3 + 2*d**2 + 4. Give i(r).
-5
Let z(p) = p**2 + 2*p - 12. Suppose 40 = -16*y + 26*y. Determine z(y).
12
Let f(x) = x**2 - 5*x + 5. Suppose -4*d + 17 = g - 9, 10 = 5*g. Determine f(d).
11
Suppose 4 = -v, -2*r - 4*v = -r + 26. Let m(j) be the third derivative of j**6/120 + 11*j**5/60 + 3*j**4/8 - 11*j**3/6 - 2*j**2. Give m(r).
-1
Let y(r) = -2*r**2 + 3*